mon divisor of 7 and 60666781.
7
Calculate the greatest common factor of 11838 and 22328.
2
What is the greatest common divisor of 125895610 and 940?
470
What is the greatest common factor of 171660707 and 69?
23
Calculate the greatest common factor of 1620 and 5512725.
135
What is the greatest common divisor of 858 and 85157622?
66
What is the greatest common factor of 81542194 and 82?
82
What is the greatest common factor of 44874 and 239517?
81
Calculate the greatest common divisor of 818361 and 72.
9
What is the highest common divisor of 3232582 and 8?
2
What is the highest common divisor of 45794 and 847?
7
Calculate the greatest common factor of 856 and 378840348.
428
What is the highest common factor of 1059465 and 5445?
165
Calculate the highest common divisor of 1439145628 and 3389.
3389
What is the highest common divisor of 22263043 and 22?
11
Calculate the greatest common divisor of 12926 and 12428068.
562
Calculate the highest common factor of 260074 and 763.
109
Calculate the highest common factor of 492887244 and 12.
12
Calculate the highest common divisor of 424 and 254152.
8
What is the highest common factor of 217776732 and 24?
12
What is the greatest common factor of 576 and 1455936?
192
Calculate the greatest common factor of 20099900 and 348.
116
What is the highest common factor of 49 and 1753784627?
49
Calculate the greatest common factor of 192 and 381642.
6
Calculate the highest common divisor of 856 and 38657816.
856
What is the highest common factor of 116100 and 107475?
75
What is the greatest common divisor of 429646372 and 1751?
1751
What is the highest common factor of 12464 and 254595896?
6232
Calculate the greatest common factor of 1505 and 39318985.
215
Calculate the greatest common factor of 80140111 and 214.
107
Calculate the highest common divisor of 7055371 and 3.
1
Calculate the greatest common factor of 149649 and 4274913.
1803
What is the greatest common factor of 225889149 and 261?
87
What is the greatest common factor of 115432896 and 192?
192
Calculate the highest common factor of 384 and 1475544.
24
What is the highest common divisor of 62847852 and 5820?
1164
Calculate the greatest common divisor of 112504 and 769447.
2009
Calculate the highest common factor of 2483361 and 9.
9
Calculate the greatest common divisor of 107226 and 4025.
161
What is the greatest common divisor of 259 and 966847?
259
What is the highest common factor of 1628840 and 16985?
215
Calculate the highest common factor of 270 and 66846654.
54
Calculate the highest common divisor of 21 and 618226.
7
Calculate the highest common factor of 450 and 92606715.
45
What is the greatest common divisor of 262 and 956603134?
262
Calculate the highest common divisor of 460 and 528416260.
460
Calculate the highest common divisor of 24325444 and 23276.
1012
What is the greatest common factor of 4192 and 823710184?
1048
What is the highest common divisor of 28470784 and 782?
34
Calculate the highest common factor of 26145 and 1860943.
581
Calculate the highest common divisor of 7592 and 13696114.
146
What is the greatest common factor of 86608232 and 304?
152
Calculate the greatest common divisor of 57666240 and 4160.
320
What is the greatest common divisor of 424429 and 41?
1
Calculate the greatest common divisor of 18480 and 99561.
231
Calculate the greatest common divisor of 234890 and 131140.
830
Calculate the greatest common divisor of 9184552 and 13.
13
What is the greatest common factor of 39833518 and 1388?
694
Calculate the greatest common divisor of 11352 and 5117334024.
11352
What is the highest common divisor of 1298 and 177518?
22
Calculate the greatest common factor of 1296559 and 3161004.
3421
What is the highest common factor of 2037048 and 8232?
24
Calculate the greatest common divisor of 191800809 and 58.
29
Calculate the highest common divisor of 66075 and 99885.
15
What is the greatest common factor of 102180 and 818430?
30
Calculate the greatest common factor of 1718777 and 10511.
457
Calculate the greatest common divisor of 45775 and 55601977.
1831
What is the highest common factor of 24 and 1480338?
6
Calculate the highest common factor of 89 and 1091744399.
89
Calculate the highest common divisor of 589 and 219545.
19
Calculate the greatest common divisor of 1036917 and 18204417.
6867
Calculate the highest common divisor of 9127 and 209701952.
9127
Calculate the greatest common factor of 33490 and 3345.
5
What is the highest common divisor of 17571810 and 30?
30
What is the greatest common factor of 11420 and 1623620?
20
Calculate the greatest common divisor of 24852 and 302613.
57
Calculate the highest common factor of 201 and 543151848.
201
What is the highest common divisor of 140188 and 10335048?
1388
Calculate the highest common divisor of 905936 and 31763.
1381
What is the highest common factor of 104 and 145418936?
104
What is the highest common factor of 26263434 and 1212?
606
Calculate the highest common factor of 644154885 and 495.
495
What is the highest common divisor of 48 and 676633128?
24
Calculate the highest common divisor of 14214 and 5720826.
618
Calculate the greatest common divisor of 72476334 and 90.
18
Calculate the highest common factor of 7163018 and 81346.
914
What is the greatest common factor of 1175 and 36178955?
235
Calculate the greatest common factor of 22386 and 12373718.
574
What is the greatest common divisor of 6 and 5461184?
2
Calculate the highest common divisor of 6821139 and 65.
13
What is the highest common divisor of 4085 and 39852443?
817
What is the greatest common divisor of 11234 and 12328493?
137
Calculate the greatest common divisor of 33976 and 96410.
62
What is the greatest common divisor of 12078 and 2606835?
2013
What is the highest common factor of 316016 and 65712?
16
What is the highest common divisor of 609 and 8839113?
87
What is the highest common divisor of 1296 and 297522?
18
What is the greatest common factor of 9207919 and 709361?
6887
Calculate the greatest common divisor of 860 and 362741292.
172
Calculate the greatest common divisor of 575 and 1267369.
23
What is the greatest common factor of 1923180 and 90?
30
Calculate the highest common factor of 3152788 and 3152.
788
Calculate the highest common factor of 1540148 and 113876.
332
What is the highest common divisor of 24639 and 30666?
3
What is the highest common divisor of 8767 and 2401361?
797
Calculate the greatest common factor of 1028227 and 112563.
379
Calculate the greatest common factor of 927 and 39667.
1
What is the greatest common divisor of 36043018 and 31?
31
What is the highest common divisor of 8879679 and 905?
181
What is the greatest common factor of 709 and 12222451?
709
What is the highest common divisor of 353192 and 272?
136
Calculate the highest common divisor of 1595 and 3521122.
319
What is the greatest common factor of 24888 and 2078636?
244
Calculate the greatest common divisor of 246104 and 2568.
8
What is the greatest common factor of 35985501 and 263?
263
Calculate the greatest common divisor of 221112 and 54448.
664
Calculate the greatest common divisor of 332628 and 9107522.
1046
Calculate the greatest common divisor of 3412040 and 200.
40
Calculate the highest common factor of 8931840 and 1200.
240
Calculate the greatest common factor of 274668 and 1788.
12
Calculate the greatest common factor of 190706 and 37604.
2686
What is the highest common divisor of 54368 and 40101497?
1699
Calculate the greatest common factor of 75 and 1043134500.
75
What is the greatest common divisor of 10439 and 432233?
73
What is the highest common factor of 3661 and 95837?
7
What is the highest common factor of 40 and 34948280?
40
Calculate the highest common divisor of 2 and 7433119.
1
What is the highest common factor of 90 and 5867973?
9
Calculate the highest common factor of 55757980 and 8648.
4324
What is the greatest common factor of 471092325 and 25?
25
What is the greatest common factor of 1485 and 2026728?
297
Calculate the highest common divisor of 4370893 and 76.
19
What is the highest common factor of 61084631 and 188?
47
What is the highest common factor of 877380 and 1050?
210
What is the highest common factor of 315 and 41166615?
105
What is the highest common factor of 26